(11).
1
Let n(f) = -30*f**3 + 102*f**2 - 34*f + 10. Give n(3).
16
Let p(a) = -26*a - 142. What is p(-11)?
144
Let g(b) = -1076*b - 152790. Determine g(-142).
2
Let m(r) = -5*r - 169. Give m(87).
-604
Let i(n) = -496*n - 61996. Calculate i(-125).
4
Let w(m) = 6*m**3 + 25*m**2 + 23*m - 2. Calculate w(-1).
-6
Let w(h) = -h**3 + 2*h**2 - h - 38. Calculate w(0).
-38
Let r(o) = 3*o**3 - 316*o**2 + 117*o - 1261. Give r(105).
-1
Let a(n) = -n**2 - 167*n + 518. What is a(3)?
8
Let y(p) = -p**2 + 79*p - 254. Determine y(3).
-26
Let j(p) = p**3 + 8*p**2 - 27*p - 9. Give j(-10).
61
Let g(o) = 2*o**3 - 41*o**2 + 216*o - 132. Determine g(8).
-4
Let g(f) = -73*f + 5. What is g(1)?
-68
Let m(t) = 470*t - 46055. Give m(98).
5
Let t(b) = -171*b - 31632. Determine t(-185).
3
Let j(m) = 21*m + 242. Calculate j(-16).
-94
Let s(g) = 75*g + 2168. Give s(-29).
-7
Let m(p) = 629*p - 5051. Calculate m(8).
-19
Let c(a) = -4*a**3 - a**2 + 14*a - 8. Give c(5).
-463
Let r(u) = 19*u - 68. What is r(7)?
65
Let a(s) = -s**3 - 5*s**2 - 168*s - 1253. Calculate a(-7).
21
Let i(a) = 3*a**2 + a - 44. Calculate i(-4).
0
Let h(r) = 963*r**3 + 3*r**2 - 2*r. What is h(1)?
964
Let g(p) = -3*p**3 - 22*p**2 + 181*p + 1229. What is g(-9)?
5
Let g(j) = 158*j**3 + 5*j**2 + 10*j + 6. Determine g(-1).
-157
Let b(y) = 4*y**2 - 53*y + 201. What is b(9)?
48
Let v(k) = 7*k**3 + 9*k**2 + 11*k + 10. Calculate v(-5).
-695
Let p(k) = k**3 - 2*k**2 + 121. Give p(0).
121
Let v(t) = -2*t**2 + 92*t - 716. Calculate v(30).
244
Let f(n) = -58*n**2 - 99*n - 3. Calculate f(-2).
-37
Let n(a) = a**2 - 52*a - 454. Give n(-8).
26
Let p(x) = 103*x - 21. Determine p(11).
1112
Let q(o) = -23*o**3 + 4*o**2 + 16*o + 26. What is q(-2)?
194
Let r(n) = 2*n**3 + 76*n**2 - n + 44. Determine r(-38).
82
Let o(b) = 9*b**2 + 144*b + 436. Give o(-12).
4
Let a(m) = -1076*m - 5380. Calculate a(-5).
0
Let s(p) = -232*p + 2333. Calculate s(10).
13
Let o(x) = x**2 + 107*x - 1889. Calculate o(-122).
-59
Let s(c) = c**3 - 78*c**2 + 55*c - 4287. Calculate s(78).
3
Let o(h) = -71*h + 1060. What is o(15)?
-5
Let l(b) = -3*b**3 - 2*b**2 + 8*b. Give l(4).
-192
Let d(s) = 2*s**2 - 32*s - 14. Calculate d(19).
100
Let y(j) = -2*j**3 - 434*j**2 + 2678*j + 1. What is y(6)?
13
Let a(r) = r**2 - 430*r + 30104. Determine a(342).
8
Let z(q) = 4*q**2 - 49*q + 318. What is z(8)?
182
Let u(m) = -2*m**3 - 32*m**2 + 39*m + 117. Calculate u(-17).
32
Let h(m) = -2*m**3 + 524*m**2 + 112*m - 29357. Give h(262).
-13
Let y(o) = -3300*o - 9863. What is y(-3)?
37
Let c(d) = -2*d**2 - 371*d - 15505. Determine c(-122).
-11
Let r(u) = -50*u - 486. Give r(-10).
14
Let u(g) = 2*g**2 + 48*g + 588. Determine u(-15).
318
Let v(o) = 2*o**3 + 16*o**2 + 21*o + 11. Give v(-6).
29
Let u(i) = -3*i**2 + 549*i + 1102. Calculate u(-2).
-8
Let j(s) = -56*s - 386. What is j(-6)?
-50
Let u(n) = -4*n**2 + 108*n - 91. What is u(26)?
13
Let f(q) = 19*q**3 - q**2 - 43*q + 82. Determine f(2).
144
Let f(o) = o**2 + 186*o - 3005. Give f(15).
10
Let y(k) = -2*k**2 + 94*k + 356. Determine y(-4).
-52
Let v(p) = 3*p**3 + 3*p**2 + 5*p - 13. Give v(2).
33
Let x(k) = 22*k + 46. Give x(-5).
-64
Let s(h) = -h**2 + 82*h + 488. Determine s(-6).
-40
Let v(q) = -6*q**2 - 193*q + 983. Give v(5).
-132
Let l(n) = 2*n**2 - 1114*n + 14140. Determine l(13).
-4
Let s(j) = -237*j**2 - 469*j - 6. Determine s(-2).
-16
Let a(b) = -b**3 + 15*b**2 - 492. Calculate a(11).
-8
Let y(k) = 176*k**2 + 2*k - 1. Calculate y(1).
177
Let v(k) = 90*k + 3. Calculate v(-4).
-357
Let v(y) = 7*y**2 - 113*y + 6. What is v(16)?
-10
Let j(h) = -2391*h + 7115. Calculate j(3).
-58
Let k(x) = -x**2 - 13*x + 111. What is k(16)?
-353
Let k(i) = -4*i**3 + 8*i**2 + 6*i + 6. What is k(-3)?
168
Let w(m) = -3*m**2 + 2048*m + 14480. Determine w(-7).
-3
Let r(x) = -20*x - 1470. Calculate r(-74).
10
Let k(p) = -113*p + 1880. Give k(17).
-41
Let q(a) = -43*a + 353. What is q(8)?
9
Let c(u) = -2*u**3 + 27*u**2 + 8*u + 48. Calculate c(14).
-36
Let d(l) = 14*l**2 - 131*l + 320. What is d(4)?
20
Let j(a) = -221*a - 2108. Give j(-9).
-119
Let n(c) = c**3 - 5*c**2 + 21*c - 78. Calculate n(4).
-10
Let x(u) = -644*u + 8378. Calculate x(13).
6
Let b(o) = 69*o + 1172. Give b(-17).
-1
Let v(g) = 82*g + 5. Calculate v(-4).
-323
Let z(b) = 103*b - 803. Determine z(8).
21
Let y(u) = -u**2 + 158*u - 612. Give y(4).
4
Let a(v) = v**3 - 31*v**2 - 35*v + 100. Give a(32).
4
Let o(f) = -2*f**3 - 87*f**2 + 423*f - 417. Determine o(-48).
15
Let n(b) = -68*b - 159. Give n(-2).
-23
Let v(c) = 319*c - 2236. What is v(7)?
-3
Let t(w) = -w**3 - 18*w**2 - 68*w - 77. Determine t(-3).
-8
Let g(d) = d**2 - 58*d - 908. Calculate g(-16).
276
Let d(l) = -l**3 + 41*l**2 + 81*l + 209. Give d(43).
-6
Let x(g) = -262*g + 781. What is x(3)?
-5
Let m(a) = -a**3 + 19*a**2 - 17*a + 78. Determine m(18).
96
Let g(a) = -107*a**2 - 3744*a + 73. What is g(-35)?
38
Let q(k) = 3*k**2 - 31*k - 2. Determine q(20).
578
Let r(s) = -5*s - 145. Give r(-11).
-90
Let y(p) = 8*p**2 - 11*p + 14. Calculate y(8).
438
Let u(d) = 7*d**2 - 50*d - 182. Determine u(10).
18
Let d(q) = 184*q + 3119. Determine d(-17).
-9
Let m(d) = 5*d + 85. Calculate m(8).
125
Let m(b) = -6*b**2 - 19*b + 7. Give m(-4).
-13
Let c(m) = -m + 191. Calculate c(26).
165
Let d(i) = 7*i**3 - 8*i**2 - i - 5. Determine d(4).
311
Let j(k) = -k**3 + 3*k**2 + 500*k - 1505. Determine j(3).
-5
Let j(d) = 43*d - 201. Calculate j(5).
14
Let s(c) = -c**2 - 38*c + 342. Give s(-48).
-138
Let q(l) = -15*l - 27. Calculate q(-2).
3
Let d(m) = -10*m**2 + 24*m + 48. Calculate d(-2).
-40
Let z(t) = t**3 + 16*t**2 + 28*t - 140. Give z(-13).
3
Let z(c) = 9*c + 334. Determine z(-37).
1
Let q(y) = -y**3 - 63*y**2 - 121*y + 56. Calculate q(-61).
-5
Let y(f) = f**3 - 2*f**2 - 15*f - 1. Calculate y(-3).
-1
Let b(x) = -x**3 + x**2 + 16*x - 5. Give b(3).
25
Let q(n) = -1043*n + 7311. What is q(7)?
10
Let o(i) = -i**3 - 6*i**2 - 14*i - 53. What is o(-5)?
-8
Let v(k) = 150*k + 416. Give v(-3).
-34
Let z(j) = 4*j**3 - 30*j**2 + 33*j - 73. Calculate z(6).
-91
Let v(q) = 2*q**3 + 88*q**2 + 162*q - 251. Give v(-42).
1
Let z(l) = -l**3 - 2*l**2 + 124*l - 1606. What is z(-16)?
-6
Let r(t) = -10*t**3 + 48*t**2 + 3*t + 17. What is r(5)?
-18
Let y(z) = 413*z - 2091. Determine y(5).
-26
Let f(g) = -g**3 - 12*g**2 - 45. What is f(-13)?
124
Let n(j) = -j**3 + 20*j**2 + 69*j - 26. Determine n(23).
-26
Let o(b) = b**3 - b**2 - 6*b + 1. Calculate o(5).
71
Let f(i) = 147*i - 2376. Calculate f(16).
-24
Let v(h) = -11685*h - 23363. What is v(-2)?
7
Let a(r) = 30*r**3 - 3*r**2 - 6. Give a(-3).
-843
Let a(s) = 36*s + 2310. What is a(-64)?
6
Let o(s) = s**3 - 17*s**2 + 62*s + 26. Calculate o(7).
-30
Let g(j) = 141*j - 32291. What is g(229)?
-2
Let a(f) = f**3 - 31*f**2 + 2*f - 19. Calculate a(31).
43
Let l(y) = 95*y + 2392. What is l(-25)?
17
Let r(t) = -t**3 + 60*t**2 + 48*t + 760. Determine r(61).
-33
Let a(b) = -35*b + 286. What is a(7)?
41
Let x(n) = 2*n**3 + 245*n**2 - 1837*n + 167. Determine x(7).
-1
Let b(c) = -374*c - 22440. What is b(-60)?
0
Let w(f) = -28*f + 1043. Calculate w(37).
7
Let m(k) = -44*k + 1332. Give m(32).
-76
Let u(x) = -5303*x - 53027. Give u(-10).
3
Let j(s) = -157*s - 14887. Give j(-95).
28
Let n(p) = 126*p - 553. Calculate n(7).
329
Let c(g) = 3*g**2 - 53*g + 174. Give c(6).
-36
Let c(s) = 5*s + 3. Give c(1).
8
Let d(x) = 6*x**3 - 89*x**2 - 19*x + 40. Determine d(15).
-20
Let n(o) = 1302*o - 2599. What is n(2)?
5
Let b(x) = -2*x**3 - 24*x**2 - 3*x - 383. Determine b(-13).
-6
Let y(m) = -m**3 + 33*m**2 - 36*m + 120. Calculate y(32).
-8
Let g(f) = 4*f**2 + 66*f - 21. What is g(-17)?
13
Let n(y) = y**3 + 14*y**2 + 124*y + 839. What is n(-10)?
-1
Let t(l) = 5*l**2 - 55*l + 27. Give t(10).
-23
Let l(f) = 8*f - 340. Determine l(24).
-148
Let p(t) = -25*t**3 - 6*t**2 - 10*t + 10. Determine p(-3).
661
Let p(g) = -157*g + 935. Give p(6).
-7
Let d(g) = -7*g**2 - 2*g + 78. Give d(0).
78
Let a(f) = 472*f + 44834. What is a(-95)?
-6
Let g(v) = 5*v**3 + 284*v**2 - 66*v + 29. Give g(-57).
542
Let t(b) = -b**2 - 10*b + 1089. Determine t(-39).
-42
Let w(t) = 225*t - 199. Give w(1).
26
Let d(n) = n**3 + 30*n**2 + 37*n + 95. Give d(-29).
-137
Let z(y) = -y**3 + 63*y - 28. Calculate z(8).
-36
Let v(s) = -4*s**3 + 12*s**2 + 18*s + 4. Determine v(-2).
48
Let t(n) = -2*n**